t k be o(-7). Let y be (5 + (7 - -39))/(-4*9/(-24)). What is the greatest common divisor of k and y?
34
Let w be (0 + 1)*45 + 1. Let f be ((-34293)/3976)/((-2)/16). Calculate the highest common divisor of f and w.
23
Let t(q) = q**3 + 6*q**2 + 2*q - 12. Let d be t(-6). Let g = d + 52. Suppose y = -5*c - 10 - 6, 0 = -2*c - 8. What is the greatest common divisor of g and y?
4
Let x be (-1 - -138)*2/(-6)*-9. Let j = x - 395. Calculate the highest common divisor of 432 and j.
16
Let y(l) be the first derivative of -2*l**3/3 - 52*l**2 - 123*l + 249. Let x be y(-46). Calculate the greatest common divisor of x and 11.
11
Let q = 167 + -55. What is the highest common divisor of 644 and q?
28
Let w be 261306/153 + (-4)/(-34). Calculate the highest common divisor of 560 and w.
28
Let y(g) = -g**3 + 2*g**2 - 2*g + 9. Let a be y(3). Let x be (-15)/a + 3170/20. What is the greatest common divisor of x and 69?
23
Let m = 153 - 159. Let d(h) = 3*h + 80. Let f be d(m). Calculate the highest common divisor of 124 and f.
62
Let y be (1 - 64)*(-32)/3. Let g(q) = -q**3 + 8*q**2 + 2*q - 8. Let n be g(8). Suppose -n*p + y = -p. What is the greatest common divisor of p and 6?
6
Let r be (((-30)/50)/(6/(-8)))/((-18)/(-121275)). What is the highest common factor of 110 and r?
110
Let h(n) = -6309*n - 12558. Let r be h(-2). Suppose 5*k = -3*i + 2*i + 3898, 3*k - 2342 = i. What is the highest common factor of k and r?
60
Suppose 410 = 2*a + 77*g - 76*g, 5*a - 1024 = -2*g. Calculate the greatest common divisor of 210 and a.
6
Let l = -7614 - -7746. What is the highest common factor of 1956 and l?
12
Suppose -17*q + 2037 = -0*q - 105. Calculate the greatest common factor of q and 3360.
42
Let z = -288 - -330. Let x be (648/z)/(6/56). What is the greatest common factor of 32 and x?
16
Let u(p) = -2*p - 4. Let h be u(-4). Suppose h*d = 5*d. Suppose d = x + 2*v - 20, -4*x - 5*v + v + 100 = 0. Calculate the greatest common divisor of x and 150.
30
Let g(m) = m**3 + 11*m**2 - 2. Let j be g(-9). Let s = 633 - 619. Let k be s + -1 + (-21)/7. Calculate the greatest common divisor of k and j.
10
Suppose -6*i = -2*i - 96. Let d(w) = 4*w**3 - 6*w**2 - 3*w + 20. Let s be d(4). Calculate the greatest common factor of s and i.
24
Suppose -16 = m - 0*y + 4*y, -4*m - 4*y = 28. Let j(n) = 15*n + 66. Let q be j(m). What is the greatest common divisor of q and 10?
2
Let x = -34 - -37. Suppose -5*z - 2*r = -365, x*z - r + 52 = 282. Calculate the highest common divisor of 45 and z.
15
Let l = 3184 + -952. Calculate the highest common divisor of 24 and l.
24
Let p = -5985 - -6028. What is the greatest common divisor of p and 5?
1
Let y(r) = -706*r + 4596. Let p be y(6). Calculate the greatest common divisor of 14580 and p.
180
Let o(m) be the second derivative of m**4/12 - 7*m**3/2 + 30*m**2 + 36*m. Let v be o(20). What is the greatest common factor of 420 and v?
20
Let h be ((-8)/(-5))/(147/735 - (-2)/(-30)). Calculate the greatest common divisor of 894 and h.
6
Let t = -2348 - -3027. What is the highest common divisor of t and 49?
7
Let g(v) = v**3 + 39*v**2 - 15*v + 108. Let q be g(-39). What is the greatest common factor of q and 198?
99
Let u(f) = -f**2 + 1. Let t(q) = -8*q**2 + 9. Let c(i) = -t(i) - u(i). Let g be c(2). Calculate the highest common divisor of g and 91.
13
Suppose 68 = -5*g - 82. Let x be (-16302)/g - (-6)/10. Suppose -18*s + 14*s = -x. What is the greatest common factor of s and 17?
17
Suppose -138*s - 27720 = -168*s. Calculate the greatest common divisor of 336 and s.
84
Suppose 3*i = 5*a - 69, 22 = 2*a + 34*i - 38*i. Calculate the greatest common divisor of a and 85.
5
Let u(k) = -11*k + 105. Let a = -301 - -310. Let c be u(a). Calculate the highest common divisor of c and 60.
6
Let g = 25 + -21. Let j be (4 - (4 + 1)) + g. Suppose -5*l - 62 + 122 = 0. Calculate the highest common divisor of j and l.
3
Suppose 3709*v - 3698*v + 581 - 4211 = 0. Suppose 0 = t + 4*d - 14, 2*t - 44 = -0*t - 4*d. What is the greatest common factor of t and v?
30
Suppose 4*k + n = k - 884, -4 = -4*n. Let l = -211 - k. Let d(m) = -m**3 - 7*m**2 - 7*m + 6. Let x be d(-6). What is the greatest common divisor of x and l?
12
Let s be -1 + -60 + (4 - (-30)/(-6)). Let c = s - -70. Suppose 0 = f - t - 16, -2*f + 3*f = -5*t + 16. Calculate the highest common divisor of c and f.
8
Let z(h) = -362*h**2 + 21*h - 16. Let u(j) = 181*j**2 - 10*j + 7. Let m(w) = 13*u(w) + 6*z(w). Let f be m(-1). Calculate the greatest common factor of f and 27.
9
Suppose -20*s - 480 + 740 = 0. What is the greatest common factor of 19318 and s?
13
Let p be 6 - ((-5 - 1) + 9). Let q be (-3 + 6)*-2*p/(-6). What is the greatest common factor of 5 and q?
1
Let q = -5084 + 5425. What is the highest common factor of 77 and q?
11
Let p = 151 - -276. Suppose 0 = 426*a - p*a + 16. Calculate the highest common divisor of a and 176.
16
Let p = -14146 - -17852. Calculate the greatest common factor of p and 102.
34
Suppose -17*t + 12690 = 13*t. Let h be 14*5/(30/t). What is the greatest common divisor of h and 21?
21
Let j(n) = -60*n**2 - 276*n + 140. Let c be j(-5). Let y = 493 + -83. What is the greatest common divisor of y and c?
10
Let m = -216 + 337. Let l = m - -35. Let y be 12*(-2 + -4 + 7). What is the highest common factor of l and y?
12
Suppose 6 = p + 3*p - g, 0 = -5*p - 4*g - 3. Let o(d) = d**3 - 11*d**2 + 31*d - 16. Let i be o(7). What is the greatest common divisor of p and i?
1
Suppose -11*x = -8*x - 3. Let p be x/(-1) - 93/3. Let o = p - -35. What is the greatest common divisor of 6 and o?
3
Let t = 2 - 1. Let r(f) = -f**2 - 65*f - 51. Let x be r(-63). Let j be (t + 15)/(15/x). Calculate the highest common divisor of j and 30.
10
Suppose 3*p + 7 = m - 10, -3*p + 5*m - 1 = 0. Let n = p - -24. Suppose q - 151 = n. What is the greatest common divisor of q and 24?
24
Let a(n) = -8*n - 39. Suppose 7*x = -14 - 49. Let s be a(x). Calculate the greatest common divisor of 99 and s.
33
Let y(u) = -u**2 - 79*u - 725. Let z be y(-65). What is the highest common factor of z and 40?
5
Suppose -82*f - 112015 - 231867 = -324*f. What is the highest common factor of 21 and f?
7
Let b = 697 - 492. Let d be -1 - -3 - (-4)/(4/b). Calculate the greatest common divisor of d and 23.
23
Let y = -240 + 583. Suppose y*z - 352*z = -243. What is the greatest common factor of 6 and z?
3
Suppose r - 159 - 101 = 4*s, -s = 3*r - 806. Let k = 300 - r. What is the highest common factor of k and 120?
8
Let u(h) = -21*h + 1758. Let f be u(83). What is the greatest common divisor of f and 3015?
15
Suppose 0 = -6*v - 393 - 363. Let z = v + 198. What is the highest common divisor of 72 and z?
72
Let l be (1/(-4))/((-6)/312). Suppose -l = -2*z - 0*k + k, -3*k + 3 = 0. What is the highest common factor of z and 35?
7
Suppose -4*w = 4*t - 40, 3*t - 3*w = 1 + 23. Suppose -t*d + 161 = -2*d. Suppose -d*o - 345 = -28*o. What is the greatest common factor of o and 46?
23
Suppose 55 = 6*d + 13. Let h(t) = -t**2 + 18*t - 15. Let q be h(d). Let o = q + -41. What is the greatest common divisor of 189 and o?
21
Suppose -w - 5 = -7. Suppose 5*z - 85 = -u - w*u, 4*z - 86 = -3*u. Let j be 42/(-4)*(-20)/35. Calculate the highest common factor of j and u.
6
Let s = -1211 - -1255. Calculate the highest common factor of s and 1188.
44
Let j = 65 - 61. Suppose 4*f - 1184 = -2*k, 0 = -9*k + 7*k - j. What is the highest common divisor of f and 27?
27
Suppose 0 = 3*a + t - 6, 2*t + 0*t = -a + 7. Let g be (-14)/(-42)*432/a. What is the greatest common divisor of g and 36?
36
Suppose -116 = -5*j - 3*r, -7*r = -4*j - 11*r + 88. Suppose 5*d = -x + 130, 2*d + j - 143 = -x. What is the highest common divisor of x and 44?
22
Suppose -10838 = -24*f + 3922. Suppose 2*g - 3*g - 3*w + 137 = 0, 5*g - f = -w. Calculate the highest common factor of g and 183.
61
Let q = -6897 - -6937. Let c be (-1)/7 - 7284/(-28). What is the highest common divisor of q and c?
20
Let h(k) = -6*k + 177. Let j be h(30). Let f be (j + 36 + -4)*19. What is the highest common factor of f and 29?
29
Suppose 4*f = -4*j + 13672, -16*j = 2*f - 11*j - 6842. Calculate the highest common factor of 56 and f.
56
Let x(l) = -l**3 - 3*l**2 + 55*l + 24. Let u be x(-10). Calculate the highest common divisor of u and 402.
6
Let 